{"id":50,"date":"2020-12-05T14:03:16","date_gmt":"2020-12-05T14:03:16","guid":{"rendered":"https:\/\/complethera.ch\/?page_id=50"},"modified":"2023-08-13T13:21:13","modified_gmt":"2023-08-13T13:21:13","slug":"craniosacraltherapie","status":"publish","type":"page","link":"https:\/\/complethera.ch\/index.php\/craniosacraltherapie\/","title":{"rendered":"Craniosacraltherapie"},"content":{"rendered":"\n<h4 class=\"has-text-align-center wp-block-heading\">CranioSacraltherapie<\/h4>\n\n\n\n<div style=\"height:50px\" aria-hidden=\"true\" class=\"wp-block-spacer\"><\/div>\n\n\n\n<div class=\"wp-block-columns is-layout-flex wp-container-core-columns-is-layout-9d6595d7 wp-block-columns-is-layout-flex\">\n<div class=\"wp-block-column is-layout-flow wp-block-column-is-layout-flow\">\n<h4 class=\"wp-block-heading\">CranioSacraltherapie<\/h4>\n\n\n\n<p>Die CranioSacraltherapie ist eine ganzheitliche, sanfte K\u00f6rpertherapie. Sie ist eine manuelle Behandlungsform, die sich als Teilgebiet der Osteopathie herauskristallisiert hat. Sie unterst\u00fctzt die nat\u00fcrliche F\u00e4higkeit des K\u00f6rpers sich zu regulieren und zu heilen.<\/p>\n<\/div>\n\n\n\n<div class=\"wp-block-column is-vertically-aligned-center is-layout-flow wp-block-column-is-layout-flow\">\n<figure class=\"wp-block-image size-large\"><img loading=\"lazy\" decoding=\"async\" width=\"1024\" height=\"585\" src=\"https:\/\/complethera.ch\/wp-content\/uploads\/2021\/01\/IMG_0856.01-1024x585.png\" alt=\"\" class=\"wp-image-214\" srcset=\"https:\/\/complethera.ch\/wp-content\/uploads\/2021\/01\/IMG_0856.01-1024x585.png 1024w, https:\/\/complethera.ch\/wp-content\/uploads\/2021\/01\/IMG_0856.01-300x171.png 300w, https:\/\/complethera.ch\/wp-content\/uploads\/2021\/01\/IMG_0856.01-768x439.png 768w\" sizes=\"auto, (max-width: 1024px) 100vw, 1024px\" \/><\/figure>\n<\/div>\n<\/div>\n\n\n        <div class=\"rmwr-wrapper\" \n             data-id=\"rmwr-69ecacac56ea5\"\n             data-mode=\"normal\"\n             data-animation=\"fade\"\n             data-duration=\"300\"\n             data-smooth-scroll=\"true\"\n             data-scroll-offset=\"0\">\n            <button \n                type=\"button\"\n                class=\"read-link\" \n                id=\"readlinkrmwr-69ecacac56ea5\"\n                data-open-text=\"Weiterlesen\"\n                data-close-text=\"Weniger anzeigen\"\n                aria-expanded=\"false\"\n                aria-controls=\"readrmwr-69ecacac56ea5\"\n                aria-label=\"Weiterlesen\"\n            >\n                <span class=\"rmwr-text\">Weiterlesen<\/span>\n            <\/button>\n            <div \n                class=\"read_div\" \n                id=\"readrmwr-69ecacac56ea5\"\n                aria-hidden=\"true\"\n                data-animation=\"fade\"\n                data-duration=\"300\"\n                style=\"display: none;\"\n            >\n                <\/p>\n\n\n\n<div style=\"height:50px\" aria-hidden=\"true\" class=\"wp-block-spacer\"><\/div>\n\n\n\n<div class=\"wp-block-columns is-layout-flex wp-container-core-columns-is-layout-9d6595d7 wp-block-columns-is-layout-flex\">\n<div class=\"wp-block-column is-vertically-aligned-center is-layout-flow wp-block-column-is-layout-flow\">\n<figure class=\"wp-block-image size-large\"><img loading=\"lazy\" decoding=\"async\" width=\"1024\" height=\"694\" src=\"https:\/\/complethera.ch\/wp-content\/uploads\/2021\/01\/0860.01-1-1024x694.png\" alt=\"\" class=\"wp-image-218\" srcset=\"https:\/\/complethera.ch\/wp-content\/uploads\/2021\/01\/0860.01-1-1024x694.png 1024w, https:\/\/complethera.ch\/wp-content\/uploads\/2021\/01\/0860.01-1-300x203.png 300w, https:\/\/complethera.ch\/wp-content\/uploads\/2021\/01\/0860.01-1-768x521.png 768w\" sizes=\"auto, (max-width: 1024px) 100vw, 1024px\" \/><\/figure>\n\n\n\n<p><\/p>\n<\/div>\n\n\n\n<div class=\"wp-block-column is-vertically-aligned-center is-layout-flow wp-block-column-is-layout-flow\">\n<p>\u00dcber feine, manuelle Techniken werden strukturelle und funktionelle St\u00f6rungen in Form von erh\u00f6hten Spannungszust\u00e4nden, Druckerh\u00f6hungen und Blockaden in unterschiedlichen Strukturen und Fl\u00fcssigkeiten (z.B. Faszien, Hirnh\u00e4ute, Hirnfl\u00fcssigkeit, Diaphragmen, Muskulatur, Organe,&#8230;) ertastet und reguliert.<\/p>\n\n\n\n<p>Zielf\u00fchrend ist, dass alle K\u00f6rpersysteme ins Gleichgewicht kommen, damit sie optimal arbeiten k\u00f6nnen. Diese Ausgangssituation f\u00f6rdert die nat\u00fcrlichen Selbstheilungskr\u00e4fte, die in jedem K\u00f6rper stecken. Damit k\u00f6nnen positive Ver\u00e4nderungen in Richtung Gesundheit stattfinden.<\/p>\n<\/div>\n<\/div>\n\n\n<p>            <\/div>\n        <\/div>\n        \n\n\n\n<div style=\"height:50px\" aria-hidden=\"true\" class=\"wp-block-spacer\"><\/div>\n\n\n\n<div class=\"wp-block-columns is-layout-flex wp-container-core-columns-is-layout-9d6595d7 wp-block-columns-is-layout-flex\">\n<div class=\"wp-block-column is-vertically-aligned-center is-layout-flow wp-block-column-is-layout-flow\">\n<figure class=\"wp-block-image size-large\"><img loading=\"lazy\" decoding=\"async\" width=\"6960\" height=\"4640\" src=\"https:\/\/complethera.ch\/wp-content\/uploads\/2021\/01\/IMG_0767.01.png\" alt=\"\" class=\"wp-image-215\" srcset=\"https:\/\/complethera.ch\/wp-content\/uploads\/2021\/01\/IMG_0767.01.png 6960w, https:\/\/complethera.ch\/wp-content\/uploads\/2021\/01\/IMG_0767.01-300x200.png 300w\" sizes=\"auto, (max-width: 6960px) 100vw, 6960px\" \/><\/figure>\n<\/div>\n\n\n\n<div class=\"wp-block-column is-vertically-aligned-center is-layout-flow wp-block-column-is-layout-flow\">\n<p><strong>Viszerale Osteopathie<\/strong><\/p>\n\n\n\n<p>Die viszerale Osteopathie ist ein Teilgebiet aus der Osteopathie und befasst sich mit der Behandlung der inneren Organe, den angrenzenden Strukturen sowie der nervalen Steuerung.<\/p>\n<\/div>\n<\/div>\n\n\n        <div class=\"rmwr-wrapper\" \n             data-id=\"rmwr-69ecacac57148\"\n             data-mode=\"normal\"\n             data-animation=\"fade\"\n             data-duration=\"300\"\n             data-smooth-scroll=\"true\"\n             data-scroll-offset=\"0\">\n            <button \n                type=\"button\"\n                class=\"read-link\" \n                id=\"readlinkrmwr-69ecacac57148\"\n                data-open-text=\"Weiterlesen\"\n                data-close-text=\"Weniger anzeigen\"\n                aria-expanded=\"false\"\n                aria-controls=\"readrmwr-69ecacac57148\"\n                aria-label=\"Weiterlesen\"\n            >\n                <span class=\"rmwr-text\">Weiterlesen<\/span>\n            <\/button>\n            <div \n                class=\"read_div\" \n                id=\"readrmwr-69ecacac57148\"\n                aria-hidden=\"true\"\n                data-animation=\"fade\"\n                data-duration=\"300\"\n                style=\"display: none;\"\n            >\n                <\/p>\n\n\n\n<div style=\"height:50px\" aria-hidden=\"true\" class=\"wp-block-spacer\"><\/div>\n\n\n\n<div class=\"wp-block-columns is-layout-flex wp-container-core-columns-is-layout-9d6595d7 wp-block-columns-is-layout-flex\">\n<div class=\"wp-block-column is-vertically-aligned-center is-layout-flow wp-block-column-is-layout-flow\">\n<figure class=\"wp-block-image size-large\"><img loading=\"lazy\" decoding=\"async\" width=\"6960\" height=\"4640\" src=\"https:\/\/complethera.ch\/wp-content\/uploads\/2021\/01\/IMG_0769.01.png\" alt=\"\" class=\"wp-image-219\" srcset=\"https:\/\/complethera.ch\/wp-content\/uploads\/2021\/01\/IMG_0769.01.png 6960w, https:\/\/complethera.ch\/wp-content\/uploads\/2021\/01\/IMG_0769.01-300x200.png 300w\" sizes=\"auto, (max-width: 6960px) 100vw, 6960px\" \/><\/figure>\n<\/div>\n\n\n\n<div class=\"wp-block-column is-vertically-aligned-center is-layout-flow wp-block-column-is-layout-flow\">\n<p>Mithilfe von sanften manuellen Techniken werden die Position, die Beweglichkeit und die Stoffwechselaktivit\u00e4t des Organes beurteilt und behandelt. Strukturelle und funktionelle Ver\u00e4nderungen der umliegenden Strukturen in Form von Verklebungen, Fixationen und Spannungen werden mit einbezogen und dadurch reguliert.<\/p>\n\n\n\n<p>Das Ziel ist es, die Organfunktion und die Dysfunktionen der beteiligten Strukturen zu normalisieren und somit ein ad\u00e4quates Gleichgewicht der einzelnen K\u00f6rpersysteme wieder herzustellen. Damit werden die Selbstregulationskr\u00e4fte des K\u00f6rpers aktiviert und positiv unterst\u00fctzt, was ihrer Gesundheit und ihrem Wohlbefinden zugute kommt.<\/p>\n<\/div>\n<\/div>\n\n\n<p>            <\/div>\n        <\/div>\n        \n\n\n\n<div style=\"height:50px\" aria-hidden=\"true\" class=\"wp-block-spacer\"><\/div>\n\n\n\n<div class=\"wp-block-columns are-vertically-aligned-center is-layout-flex wp-container-core-columns-is-layout-9d6595d7 wp-block-columns-is-layout-flex\">\n<div class=\"wp-block-column is-vertically-aligned-center is-layout-flow wp-block-column-is-layout-flow\">\n<p><strong>Kiefergelenkstherapie<\/strong><\/p>\n\n\n\n<p>Funktionelle und strukturelle St\u00f6rungen am Kiefergelenk k\u00f6nnen sich in unterschiedlichster Art als Kompensationsmechanismen im ganzen K\u00f6rper bemerkbar machen.<\/p>\n\n\n\n<p>Die Palette geht von leichten muskul\u00e4ren Verspannungen im Schulter Nacken Bereich, Schmerzen beim Kauen, Seh- und H\u00f6rst\u00f6rungen bis hin zu massiven Kopfschmerzen und Wirbels\u00e4ulenbeschwerden.<\/p>\n\n\n\n<p>Mithilfe von spezifischen manuellen Behandlungstechniken und gezielten aktiven \u00dcbungen k\u00f6nnen diese positiv beeinflusst werden.<\/p>\n\n\n\n<p>Die Kiefergelenkstherapie nimmt mittlerweile einen wichtigen Stellenwert in der ganzheitlichen K\u00f6rpertherapie ein.<\/p>\n<\/div>\n\n\n\n<div class=\"wp-block-column is-vertically-aligned-center is-layout-flow wp-block-column-is-layout-flow\">\n<figure class=\"wp-block-image size-large\"><img loading=\"lazy\" decoding=\"async\" width=\"6960\" height=\"4640\" src=\"https:\/\/complethera.ch\/wp-content\/uploads\/2021\/01\/IMG_0853.02.png\" alt=\"\" class=\"wp-image-220\" srcset=\"https:\/\/complethera.ch\/wp-content\/uploads\/2021\/01\/IMG_0853.02.png 6960w, https:\/\/complethera.ch\/wp-content\/uploads\/2021\/01\/IMG_0853.02-300x200.png 300w\" sizes=\"auto, (max-width: 6960px) 100vw, 6960px\" \/><\/figure>\n<\/div>\n<\/div>\n\n\n\n<div style=\"height:50px\" aria-hidden=\"true\" class=\"wp-block-spacer\"><\/div>\n\n\n\n<div class=\"wp-block-columns is-layout-flex wp-container-core-columns-is-layout-9d6595d7 wp-block-columns-is-layout-flex\">\n<div class=\"wp-block-column is-vertically-aligned-center is-layout-flow wp-block-column-is-layout-flow\">\n<figure class=\"wp-block-image size-large\"><img loading=\"lazy\" decoding=\"async\" width=\"1024\" height=\"683\" src=\"https:\/\/complethera.ch\/wp-content\/uploads\/2021\/01\/44383B833B904939BB3A0AC48F7D6A8A-1024x683.png\" alt=\"\" class=\"wp-image-453\" srcset=\"https:\/\/complethera.ch\/wp-content\/uploads\/2021\/01\/44383B833B904939BB3A0AC48F7D6A8A-1024x683.png 1024w, https:\/\/complethera.ch\/wp-content\/uploads\/2021\/01\/44383B833B904939BB3A0AC48F7D6A8A-300x200.png 300w, https:\/\/complethera.ch\/wp-content\/uploads\/2021\/01\/44383B833B904939BB3A0AC48F7D6A8A-768x512.png 768w, https:\/\/complethera.ch\/wp-content\/uploads\/2021\/01\/44383B833B904939BB3A0AC48F7D6A8A-90x60.png 90w, https:\/\/complethera.ch\/wp-content\/uploads\/2021\/01\/44383B833B904939BB3A0AC48F7D6A8A-480x320.png 480w, https:\/\/complethera.ch\/wp-content\/uploads\/2021\/01\/44383B833B904939BB3A0AC48F7D6A8A-420x280.png 420w, https:\/\/complethera.ch\/wp-content\/uploads\/2021\/01\/44383B833B904939BB3A0AC48F7D6A8A.png 1129w\" sizes=\"auto, (max-width: 1024px) 100vw, 1024px\" \/><\/figure>\n<\/div>\n\n\n\n<div class=\"wp-block-column is-layout-flow wp-block-column-is-layout-flow\">\n<p><strong>Anwendungsgebiete CranioSacral-\/Viszeral-\/ Kiefergelenkstherapie<\/strong><\/p>\n\n\n\n<ul class=\"wp-block-list\"><li>bei Migr\u00e4ne, Kopfschmerzen, Schwindel, Tinnitus<\/li><li>bei Stresssymptomen, Nervosit\u00e4t<\/li><li>bei Schmerzzust\u00e4nden (Gelenke, Wirbels\u00e4ule, Kiefer, Nacken&#8230;)<\/li><li>bei Abbau von Verspannungen<\/li><li>bei Angst- und Ersch\u00f6pfungszust\u00e4nde, Burnout<\/li><li>bei der Verarbeitung von Schockzust\u00e4nde und Traumata<\/li><li>bei der Unterst\u00fctzung nach Krankheit und Unf\u00e4llen (z.B. Schleudertrauma)<\/li><li>bei Nasennebenh\u00f6hlenproblematiken und craniomandibul\u00e4re Dysfunktionen (Kieferbeschwerden)<\/li><li>bei St\u00e4rkung des Immun-, Hormon-, Lymph- und Nervensystems<\/li><li>bei Magen-Darmproblematiken und Reflux<\/li><\/ul>\n<\/div>\n<\/div>\n\n\n\n<p>Weitere Informationen auf: <a href=\"https:\/\/www.therapie-vielfalt.ch\" data-type=\"URL\" data-id=\"https:\/\/www.therapie-vielfalt.ch\">www.therapie-vielfalt.ch<\/a><\/p>\n","protected":false},"excerpt":{"rendered":"<p>CranioSacraltherapie CranioSacraltherapie Die CranioSacraltherapie ist eine ganzheitliche, sanfte K\u00f6rpertherapie. Sie ist eine manuelle Behandlungsform, die sich als Teilgebiet der Osteopathie herauskristallisiert hat. Sie unterst\u00fctzt die &hellip; <\/p>\n","protected":false},"author":1,"featured_media":0,"parent":0,"menu_order":0,"comment_status":"closed","ping_status":"closed","template":"","meta":{"inline_featured_image":false,"wp_mapbox_gl_js_media":[],"footnotes":""},"class_list":["post-50","page","type-page","status-publish","hentry","latest_post"],"_links":{"self":[{"href":"https:\/\/complethera.ch\/index.php\/wp-json\/wp\/v2\/pages\/50","targetHints":{"allow":["GET"]}}],"collection":[{"href":"https:\/\/complethera.ch\/index.php\/wp-json\/wp\/v2\/pages"}],"about":[{"href":"https:\/\/complethera.ch\/index.php\/wp-json\/wp\/v2\/types\/page"}],"author":[{"embeddable":true,"href":"https:\/\/complethera.ch\/index.php\/wp-json\/wp\/v2\/users\/1"}],"replies":[{"embeddable":true,"href":"https:\/\/complethera.ch\/index.php\/wp-json\/wp\/v2\/comments?post=50"}],"version-history":[{"count":23,"href":"https:\/\/complethera.ch\/index.php\/wp-json\/wp\/v2\/pages\/50\/revisions"}],"predecessor-version":[{"id":674,"href":"https:\/\/complethera.ch\/index.php\/wp-json\/wp\/v2\/pages\/50\/revisions\/674"}],"wp:attachment":[{"href":"https:\/\/complethera.ch\/index.php\/wp-json\/wp\/v2\/media?parent=50"}],"curies":[{"name":"wp","href":"https:\/\/api.w.org\/{rel}","templated":true}]}}